at is the units digit of a(6)?
6
Suppose -2*j - j = -3. Suppose 4*k - j - 3 = 0. What is the units digit of k?
1
Let j be ((-3)/5)/((-2)/10). Suppose -5*v - 4*x = -6, -5*v + x + 14 = -j*x. Suppose m - 8 = -v. What is the units digit of m?
6
Let p(i) be the first derivative of -i + 7/2*i**2 + 3 - 1/3*i**3. What is the units digit of p(3)?
1
What is the units digit of (-6)/9 + (-564)/(-9)?
2
Let d = 1 - -2. Let u(x) = 1 + 2*x**3 - x**d + 9. What is the tens digit of u(0)?
1
Let b(z) = z**2 - 6*z - 13. What is the units digit of b(-5)?
2
Suppose -2*t - 2*t + 32 = 0. Let r(o) = -4 + 0 + 8*o**2 - 3*o**3 + 2*o**3 + o. What is the units digit of r(t)?
4
What is the hundreds digit of 30*18*3/12*1?
1
Let n(r) = -2*r**2 + r + 3. Let h(x) = 3*x**2 - 2*x - 5. Let f(k) = -3*h(k) - 5*n(k). What is the units digit of f(-2)?
2
Let k = -7 - -6. Let r = k - -11. What is the tens digit of r?
1
Let v = -84 - -134. What is the units digit of v?
0
Let q be -3*(0 + 20/(-3)). Let o be 6/4*(-4)/(-3). Suppose o*p = 3*p + n, 0 = p - 4*n - q. What is the units digit of p?
4
Let c(z) = z + 2. Let h be c(7). Suppose -5*j + h = -6. What is the units digit of j?
3
Let x be (-50)/(-2) + 4/2. Suppose -5*f + 3 = -x. Suppose -f*h + 3*h = -12. What is the units digit of h?
4
Let x(n) = -n + 8. Let g be x(8). Let l = g - 0. Let j = l + 2. What is the units digit of j?
2
Let b = 17 - 8. Suppose -4*n - 60 = -b*n. What is the units digit of n?
2
Let m(s) = s - 3. What is the tens digit of m(14)?
1
Suppose -2*j + r = j + 19, 2*j = 2*r - 6. What is the units digit of 2 + -2 - 2 - j?
6
Suppose -4*x + x + 6 = 0. Suppose -3*w + w = -x, w + 14 = 3*p. Suppose -l + 5*g - 15 = 0, 0 = 5*l - p*g - 39 + 14. What is the units digit of l?
0
Let x(o) be the first derivative of 3*o - 1/4*o**4 - 2 + 4/3*o**3 + o**2. What is the tens digit of x(4)?
1
Suppose -6*a + 5*a + r = -223, r + 5 = 0. What is the units digit of a?
8
Suppose 4*s - 5*x = -0*x + 44, 4*s = -4*x + 8. Suppose -s*g + g = 0. Suppose -28 = -2*d - g. What is the tens digit of d?
1
Let x = 2 + 2. Let r(q) = -q**2 + 7*q - 4. What is the units digit of r(x)?
8
Let j(u) = -u**2 - 17*u + 4. Let m be j(-11). Let n = -49 + m. What is the units digit of n?
1
Suppose y + 0*y = 1. Let x(b) = 4*b**3 - 1. Let c be x(y). Suppose -c*u + 11 + 2 = 5*p, -3*p + 9 = 3*u. What is the units digit of p?
2
Let v(q) = 2*q**3 - 3*q**2 + 4*q - 5*q - q**3 - 8 + 2*q**2. Let f be v(0). Let j(c) = c**3 + 7*c**2 - 7*c + 11. What is the units digit of j(f)?
3
What is the tens digit of (-1*3/(-6))/(3/360)?
6
Let x(t) = -t - 3. Let c be x(-6). Suppose 3*d + 3*u - 17 = u, 0 = 2*d - c*u - 20. What is the units digit of d?
7
Suppose 5*m = 2*m + 6. Let b = 3 - m. What is the units digit of (0 - b) + 5 + 2?
6
Let z(s) = -13 + 0*s**2 + s**2 + 0*s**2 + 11*s. Let n = -74 + 61. What is the tens digit of z(n)?
1
Let p(m) = m**2 - m + 47. What is the tens digit of p(0)?
4
Let k = 48 - 29. What is the units digit of k?
9
Let o be (-1)/((-2)/4) + 1. Let z(h) = -h**2 - 12*h - 20. Let i be z(-9). Let v = i - o. What is the units digit of v?
4
Let t(x) = 3*x**2 + 2*x - 3. Let o(a) = 7*a**2 + 4*a - 7. Let s(n) = 4*o(n) - 9*t(n). What is the units digit of s(-2)?
7
Let y(u) = u**2 + u. Let i(a) = 4*a**2 + 8*a + 3. Let n(m) = i(m) - 3*y(m). What is the tens digit of n(4)?
3
Suppose 4*w = n - 3*n - 4, -4*w - 4 = -5*n. Suppose n = -4*v + 17 + 19. What is the units digit of v?
9
Let w(a) = a**2 + 7*a. Let g be w(-7). Let r(x) = -x**2 - x + 11. What is the tens digit of r(g)?
1
Suppose 5*r = 8 + 12. Suppose 9 = r*c + t, -t + 4 = -c - 0*c. What is the units digit of c?
1
Let p(o) = o**3 - 5*o**2 + 2*o + 3. Let q be p(6). What is the units digit of q/12 - (-3)/(-12)?
4
Let a be 6 + (-2 + 0)/2. Suppose 4*b - 15 = a. Suppose -b*v - 4*u + 54 = 0, 4*v + 3*u - 4 = 39. What is the tens digit of v?
1
Let x = 1 - -1. Let p = 0 + x. Suppose -r + g - 70 = -5*r, -3*r = p*g - 55. What is the units digit of r?
7
Let o be 33/(-12) - 2/8. Let q be o*3/((-3)/(-11)). What is the units digit of (-126)/q - (-4)/22?
4
Let o(t) = t. Let y be o(1). Let u be y/(-4) - (-2)/8. What is the units digit of 7 + (2 - u)*1?
9
Let w(s) = s - 5. Let n be w(5). Let j(y) = -y**3 + 6*y**2 + 6*y + 9. Let o be j(7). Suppose n = o*t + t - 36. What is the tens digit of t?
1
Let g(c) = 5*c**2 + 2*c + 1. What is the hundreds digit of g(-8)?
3
Let n = 140 + -97. What is the tens digit of n?
4
Suppose -3*r + 2*r = 0. What is the units digit of 21/12*(r - -4)?
7
Let t be 12 + 3 + -1 + -1. Let s = t + -5. What is the units digit of s?
8
What is the units digit of 4 - 810/(2 + -5)?
4
Let a = -90 - -144. What is the tens digit of a?
5
Suppose 3*u - 5*h = 308, -2*u = -h - 202 + 6. What is the units digit of u?
6
Let o(l) = 76*l - 35. What is the tens digit of o(5)?
4
Suppose -16*l + 12*l + 20 = 0. Suppose l*w - 14 = 3*f, -3*f + 6*f = 4*w - 13. What is the units digit of w?
1
Let a(f) = f + 41. What is the tens digit of a(12)?
5
Suppose 16 + 21 = -3*t + 5*c, -2*c - 5 = t. Let q be (-1)/3 - 39/t. Suppose -2*y + 8 = q. What is the units digit of y?
2
Let t be 0/((-9)/3)*-1. Let i(q) = q**2 + q + 56. Let z be i(t). Suppose 0 = -6*v + 2*v + z. What is the tens digit of v?
1
What is the tens digit of ((-3)/(-9))/(2/732)?
2
Let b = 40 - 25. What is the units digit of b?
5
Let m be ((-32)/12)/((-3)/18). What is the units digit of ((-36)/m)/((-2)/16)?
8
Suppose 276 = -3*c + 2*h, h - 98 = 2*c + 87. Let f = 164 + c. Suppose -2*p + f = 4*q + 14, 0 = -2*q + 8. What is the units digit of p?
0
Suppose -4 = -2*z - 2. Let q(v) = -2*v**2. Let d be q(z). Let x = d + 4. What is the units digit of x?
2
Let v(c) = -c**3 - 3*c**2 - c - 3. What is the tens digit of v(-5)?
5
Let f(s) = s**2 + 14*s + 15. Let n be f(-14). Let c = n + -9. What is the units digit of c?
6
Let w = 0 + 1. Let l(u) = 3*u**2 + 2 - 4*u**2 - w + 4*u. What is the units digit of l(3)?
4
Suppose 3*j + 10 = 1. Let y be (6/4)/(j/(-6)). Suppose 0*x + y*x = 21. What is the units digit of x?
7
Suppose 0 = -4*l + 3*l - 3. Let a(n) = -n + 1. Let d be a(l). Suppose 0 = 3*w - 3*t + 8*t - 22, 0 = -d*w - 4*t + 24. What is the units digit of w?
4
Let k(n) be the third derivative of 0*n + 5/2*n**3 + 0 + 3*n**2 - 1/2*n**4 + 1/60*n**5. What is the units digit of k(11)?
4
Suppose 0 = 4*z - 2*z - 68. Suppose z = 2*l - 0*l. What is the units digit of l?
7
Let k = -10 - -14. Suppose 6 = k*i - 6. What is the units digit of i?
3
Suppose 51 + 18 = 3*x. What is the units digit of x?
3
Suppose -3*k = w - 118 - 142, -4*k = 3*w - 790. What is the tens digit of w?
6
Suppose -4*i = 3*m - 27 - 14, -17 = -i - 3*m. Suppose 0 = 2*r - 7 - 1. Suppose r*k + i = 6*k. What is the units digit of k?
4
Let d be (-5 + 4 + -1)*-3. Let r(u) = 5*u. What is the tens digit of r(d)?
3
Let h(p) = -p - 2. Let r be h(-2). Suppose r*u = -u + 17. What is the units digit of u?
7
Suppose -4*i + 8 = -z - 31, 4*i - 45 = 3*z. Suppose -3*u + 3 = -i. What is the units digit of u?
4
Suppose -y = 2*y + 9. Let o(u) = 3*u - 1. Let z be o(y). What is the units digit of (8/z)/((-4)/10)?
2
Let g = -2 - -8. What is the units digit of -2 - 33/g*-2?
9
Let h = -4 + 5. Suppose -d + 3*s = 2, 0*d = -d + 4*s - h. Let b = d + 11. What is the units digit of b?
6
Let l = 387 - 148. What is the units digit of l?
9
Let n = -6 - -2. What is the units digit of (-6 - n) + 18*1?
6
Suppose 53 = 3*f - 22. Let v = 43 - f. What is the units digit of v?
8
Suppose 0*m - 3*k - 4 = -m, -k + 22 = -5*m. Let h be 5/(-25) + (-16)/m. Suppose -4*w + o = -36, 13 = h*w - 3*o - 5. What is the units digit of w?
0
Suppose 438 - 120 = 2*r. What is the hundreds digit of r?
1
Suppose 4*q + 229 = 4*p + 1069, 5*p = -q + 222. What is the tens digit of q?
1
Let u = 15 + -8. What is the units digit of u?
7
Suppose 11 = -x + 5*o, x = -o + 2*o + 1. Let l(f) = -2 - f - 7 + x. What is the units digit of l(-7)?
2
Suppose 0*c + 3*x = -4*c - 3, -c = x. Let a(n) = n + 7. What is the units digit of a(c)?
4
Suppose 5*f = 16 + 24. Let o(l) = l**3 - 9*l**2 + 12*l - 8. What is the tens digit of o(f)?
2
Suppose -5*x - 12 = -2*x. What is the units digit of (0 + (-14)/8)*x?
7
Suppose -g - 48 = -3*n + 3*g, -g = -2*n + 27. What is the tens digit of n?
1
Let o be (2/4)/((-3)/(-30)). Suppose 51 = o*j + 1. What is the ten